{"id":1867,"date":"2026-08-30T20:23:35","date_gmt":"2026-08-30T20:23:35","guid":{"rendered":"https:\/\/guanchevolt.es\/?product=afeitadora-braun-series-6-60-b7000cc"},"modified":"2026-08-30T20:23:35","modified_gmt":"2026-08-30T20:23:35","slug":"afeitadora-braun-series-6-60-b7000cc","status":"publish","type":"product","link":"https:\/\/guanchevolt.es\/?product=afeitadora-braun-series-6-60-b7000cc","title":{"rendered":"Afeitadora &#8211; Braun Series 6 60 &#8211; B7000CC"},"content":{"rendered":"<div class=\"gv-desc\">\n<div class=\"gv-hero-desc\">\n    <span class=\"gv-badge\">Afeitado premium Braun<\/span><\/p>\n<h2>Braun Series 6: precisi\u00f3n, suavidad y m\u00e1ximo confort<\/h2>\n<p>\n      La <strong>Braun Series 6<\/strong> est\u00e1 dise\u00f1ada para ofrecer un afeitado apurado y c\u00f3modo incluso en zonas dif\u00edciles. Incluye tecnolog\u00eda SensoFlex y base SmartCare para una experiencia de cuidado personal superior.\n    <\/p>\n<\/p><\/div>\n<div class=\"gv-feature-grid\">\n<div class=\"gv-feature-card\">\n      <span>\ud83e\ude92<\/span><\/p>\n<h3>Tecnolog\u00eda SensoFlex<\/h3>\n<p>El cabezal flexible reduce la presi\u00f3n sobre la piel y mejora la comodidad en cada pasada.<\/p>\n<\/p><\/div>\n<div class=\"gv-feature-card\">\n      <span>\ud83d\udca7<\/span><\/p>\n<h3>Wet &amp; Dry<\/h3>\n<p>\u00dasala en seco, con espuma o incluso bajo la ducha para adaptarse a tu rutina diaria.<\/p>\n<\/p><\/div>\n<div class=\"gv-feature-card\">\n      <span>\u26a1<\/span><\/p>\n<h3>Bater\u00eda potente<\/h3>\n<p>Gran autonom\u00eda inal\u00e1mbrica con carga r\u00e1pida para tenerla lista cuando la necesites.<\/p>\n<\/p><\/div>\n<div class=\"gv-feature-card\">\n      <span>\u2728<\/span><\/p>\n<h3>Base SmartCare<\/h3>\n<p>Limpia, lubrica y mantiene la afeitadora autom\u00e1ticamente para un rendimiento \u00f3ptimo.<\/p>\n<\/p><\/div>\n<\/p><\/div>\n<div class=\"gv-desc-block\">\n<h3>Afeitado suave y eficiente<\/h3>\n<p>\n      La Braun Series 6 combina potencia y precisi\u00f3n para ofrecer resultados impecables mientras protege la piel. Su dise\u00f1o ergon\u00f3mico facilita el manejo y mejora el control durante el afeitado.\n    <\/p>\n<p>\n      Gracias a la base SmartCare incluida, la afeitadora se mantiene siempre limpia y preparada para el siguiente uso sin esfuerzo.\n    <\/p>\n<\/p><\/div>\n<div class=\"gv-desc-block\">\n<h3>Ideal para<\/h3>\n<ul>\n<li>Afeitado diario c\u00f3modo y r\u00e1pido.<\/li>\n<li>Pieles sensibles.<\/li>\n<li>Usuarios que buscan mantenimiento autom\u00e1tico.<\/li>\n<li>Uso en seco o h\u00famedo.<\/li>\n<li>Quienes quieren una experiencia premium Braun.<\/li>\n<\/ul><\/div>\n<div class=\"gv-final-cta\">\n<h3>Disponible en GuancheVolt<\/h3>\n<p>\n      Lleva tu rutina de afeitado al siguiente nivel con la Braun Series 6 y su sistema SmartCare.\n    <\/p>\n<\/p><\/div>\n<\/div>\n","protected":false},"excerpt":{"rendered":"<p>Afeitado premium Braun Braun Series 6: precisi\u00f3n, suavidad y m\u00e1ximo confort La Braun Series 6 est\u00e1 dise\u00f1ada para ofrecer un [&hellip;]<\/p>\n","protected":false},"featured_media":1350,"comment_status":"open","ping_status":"closed","template":"","meta":{"site-sidebar-layout":"default","site-content-layout":"","ast-site-content-layout":"default","site-content-style":"default","site-sidebar-style":"default","ast-global-header-display":"","ast-banner-title-visibility":"","ast-main-header-display":"","ast-hfb-above-header-display":"","ast-hfb-below-header-display":"","ast-hfb-mobile-header-display":"","site-post-title":"","ast-breadcrumbs-content":"","ast-featured-img":"","footer-sml-layout":"","ast-disable-related-posts":"","theme-transparent-header-meta":"","adv-header-id-meta":"","stick-header-meta":"","header-above-stick-meta":"","header-main-stick-meta":"","header-below-stick-meta":"","astra-migrate-meta-layouts":"default","ast-page-background-enabled":"default","ast-page-background-meta":{"desktop":{"background-color":"var(--ast-global-color-5)","background-image":"","background-repeat":"repeat","background-position":"center center","background-size":"auto","background-attachment":"scroll","background-type":"","background-media":"","overlay-type":"","overlay-color":"","overlay-opacity":"","overlay-gradient":""},"tablet":{"background-color":"","background-image":"","background-repeat":"repeat","background-position":"center center","background-size":"auto","background-attachment":"scroll","background-type":"","background-media":"","overlay-type":"","overlay-color":"","overlay-opacity":"","overlay-gradient":""},"mobile":{"background-color":"","background-image":"","background-repeat":"repeat","background-position":"center center","background-size":"auto","background-attachment":"scroll","background-type":"","background-media":"","overlay-type":"","overlay-color":"","overlay-opacity":"","overlay-gradient":""}},"ast-content-background-meta":{"desktop":{"background-color":"var(--ast-global-color-4)","background-image":"","background-repeat":"repeat","background-position":"center center","background-size":"auto","background-attachment":"scroll","background-type":"","background-media":"","overlay-type":"","overlay-color":"","overlay-opacity":"","overlay-gradient":""},"tablet":{"background-color":"var(--ast-global-color-4)","background-image":"","background-repeat":"repeat","background-position":"center center","background-size":"auto","background-attachment":"scroll","background-type":"","background-media":"","overlay-type":"","overlay-color":"","overlay-opacity":"","overlay-gradient":""},"mobile":{"background-color":"var(--ast-global-color-4)","background-image":"","background-repeat":"repeat","background-position":"center center","background-size":"auto","background-attachment":"scroll","background-type":"","background-media":"","overlay-type":"","overlay-color":"","overlay-opacity":"","overlay-gradient":""}}},"product_brand":[],"product_cat":[210],"product_tag":[53],"class_list":["post-1867","product","type-product","status-publish","has-post-thumbnail","product_cat-maquinillas-de-afeitar-electricas-rotativas","product_tag-afeitadora","desktop-align-left","tablet-align-left","mobile-align-left","first","onbackorder","taxable","shipping-taxable","purchasable","product-type-simple"],"_links":{"self":[{"href":"https:\/\/guanchevolt.es\/index.php?rest_route=\/wp\/v2\/product\/1867","targetHints":{"allow":["GET"]}}],"collection":[{"href":"https:\/\/guanchevolt.es\/index.php?rest_route=\/wp\/v2\/product"}],"about":[{"href":"https:\/\/guanchevolt.es\/index.php?rest_route=\/wp\/v2\/types\/product"}],"replies":[{"embeddable":true,"href":"https:\/\/guanchevolt.es\/index.php?rest_route=%2Fwp%2Fv2%2Fcomments&post=1867"}],"wp:featuredmedia":[{"embeddable":true,"href":"https:\/\/guanchevolt.es\/index.php?rest_route=\/wp\/v2\/media\/1350"}],"wp:attachment":[{"href":"https:\/\/guanchevolt.es\/index.php?rest_route=%2Fwp%2Fv2%2Fmedia&parent=1867"}],"wp:term":[{"taxonomy":"product_brand","embeddable":true,"href":"https:\/\/guanchevolt.es\/index.php?rest_route=%2Fwp%2Fv2%2Fproduct_brand&post=1867"},{"taxonomy":"product_cat","embeddable":true,"href":"https:\/\/guanchevolt.es\/index.php?rest_route=%2Fwp%2Fv2%2Fproduct_cat&post=1867"},{"taxonomy":"product_tag","embeddable":true,"href":"https:\/\/guanchevolt.es\/index.php?rest_route=%2Fwp%2Fv2%2Fproduct_tag&post=1867"}],"curies":[{"name":"wp","href":"https:\/\/api.w.org\/{rel}","templated":true}]}}

<div class="gv-desc">
<div class="gv-hero-desc">
    <span class="gv-badge">Afeitado premium Braun</span></p>
<h2>Braun Series 6: precisión, suavidad y máximo confort</h2>
<p>
      La <strong>Braun Series 6</strong> está diseñada para ofrecer un afeitado apurado y cómodo incluso en zonas difíciles. Incluye tecnología SensoFlex y base SmartCare para una experiencia de cuidado personal superior.
    </p>
</p></div>
<div class="gv-feature-grid">
<div class="gv-feature-card">
      <span>🪒</span></p>
<h3>Tecnología SensoFlex</h3>
<p>El cabezal flexible reduce la presión sobre la piel y mejora la comodidad en cada pasada.</p>
</p></div>
<div class="gv-feature-card">
      <span>💧</span></p>
<h3>Wet &amp; Dry</h3>
<p>Úsala en seco, con espuma o incluso bajo la ducha para adaptarse a tu rutina diaria.</p>
</p></div>
<div class="gv-feature-card">
      <span>⚡</span></p>
<h3>Batería potente</h3>
<p>Gran autonomía inalámbrica con carga rápida para tenerla lista cuando la necesites.</p>
</p></div>
<div class="gv-feature-card">
      <span>✨</span></p>
<h3>Base SmartCare</h3>
<p>Limpia, lubrica y mantiene la afeitadora automáticamente para un rendimiento óptimo.</p>
</p></div>
</p></div>
<div class="gv-desc-block">
<h3>Afeitado suave y eficiente</h3>
<p>
      La Braun Series 6 combina potencia y precisión para ofrecer resultados impecables mientras protege la piel. Su diseño ergonómico facilita el manejo y mejora el control durante el afeitado.
    </p>
<p>
      Gracias a la base SmartCare incluida, la afeitadora se mantiene siempre limpia y preparada para el siguiente uso sin esfuerzo.
    </p>
</p></div>
<div class="gv-desc-block">
<h3>Ideal para</h3>
<ul>
<li>Afeitado diario cómodo y rápido.</li>
<li>Pieles sensibles.</li>
<li>Usuarios que buscan mantenimiento automático.</li>
<li>Uso en seco o húmedo.</li>
<li>Quienes quieren una experiencia premium Braun.</li>
</ul></div>
<div class="gv-final-cta">
<h3>Disponible en GuancheVolt</h3>
<p>
      Lleva tu rutina de afeitado al siguiente nivel con la Braun Series 6 y su sistema SmartCare.
    </p>
</p></div>
</div>

<p>Afeitado premium Braun Braun Series 6: precisión, suavidad y máximo confort La Braun Series 6 está diseñada para ofrecer un [&hellip;]</p>
